{"id":1248,"date":"2023-04-09T14:25:04","date_gmt":"2023-04-09T14:25:04","guid":{"rendered":"https:\/\/scholarblogs.emory.edu\/hringuate\/?page_id=1248"},"modified":"2023-04-09T18:03:29","modified_gmt":"2023-04-09T18:03:29","slug":"us-involvement-in-the-national-conflict","status":"publish","type":"page","link":"https:\/\/scholarblogs.emory.edu\/hringuate\/us-involvement-in-the-national-conflict\/","title":{"rendered":"US involvement in The National Conflict"},"content":{"rendered":"\n<h2 class=\"wp-block-heading has-text-align-center\"><strong>US involvement in The National Conflict<\/strong><\/h2>\n\n\n\n<div style=\"height:43px\" aria-hidden=\"true\" class=\"wp-block-spacer\"><\/div>\n\n\n\n<p>The United States played a crucial role in the 1954 coup d&#8217;\u00e9tat that overthrew the democratically elected government of Guatemalan president Jacobo \u00c1rbenz. The US government, led by President Eisenhower at the time, feared that \u00c1rbenz&#8217;s land reform policies and his alignment with communist powers posed a threat to American interests in the region. <\/p>\n\n\n\n<div class=\"wp-block-columns is-layout-flex wp-container-core-columns-is-layout-28f84493 wp-block-columns-is-layout-flex\">\n<div class=\"wp-block-column is-layout-flow wp-block-column-is-layout-flow\" style=\"flex-basis:33.33%\">\n<figure class=\"wp-block-image aligncenter size-full\"><img fetchpriority=\"high\" decoding=\"async\" width=\"440\" height=\"346\" src=\"https:\/\/scholarblogs.emory.edu\/hringuate\/files\/2023\/04\/CIA-US-President-Guatemala-conflict-1.jpeg\" alt=\"\" class=\"wp-image-1274\" srcset=\"https:\/\/scholarblogs.emory.edu\/hringuate\/files\/2023\/04\/CIA-US-President-Guatemala-conflict-1.jpeg 440w, https:\/\/scholarblogs.emory.edu\/hringuate\/files\/2023\/04\/CIA-US-President-Guatemala-conflict-1-300x236.jpeg 300w\" sizes=\"(max-width: 440px) 100vw, 440px\" \/><figcaption class=\"wp-element-caption\">President&nbsp;<a rel=\"noreferrer noopener\" href=\"https:\/\/en.wikipedia.org\/wiki\/Dwight_D._Eisenhower\" target=\"_blank\">Dwight D. Eisenhower<\/a>&nbsp;(left, in 1956) with&nbsp;U.S. Secretary of State&nbsp;<a rel=\"noreferrer noopener\" href=\"https:\/\/en.wikipedia.org\/wiki\/John_Foster_Dulles\" target=\"_blank\">John Foster Dulles<\/a> (right, brother of <a rel=\"noreferrer noopener\" href=\"https:\/\/en.wikipedia.org\/wiki\/Allen_Dulles\" target=\"_blank\">Allen Welsh Dulles<\/a>&#8211; former director of the CIA).<\/figcaption><\/figure>\n<\/div>\n\n\n\n<div class=\"wp-block-column is-layout-flow wp-block-column-is-layout-flow\" style=\"flex-basis:66.66%\">\n<p>Some of the main characters involved in the planning of the 1954 coup in Guatemala were Secretary of State John Foster Dulles, his brother Allen Dulles, who was the Director of the Central Intelligence Agency (CIA) at the time, and US ambassador to Guatemala John Peurifoy. The CIA also worked closely with Guatemalan exiles, including Carlos Castillo Armas, who would later become president of Guatemala after the coup. <\/p>\n\n\n\n<p>The US Central Intelligence Agency (CIA) orchestrated a covert operation, codenamed Operation PBSUCCESS, to train and arm a small group of Guatemalan exiles to launch a coup against \u00c1rbenz. The CIA also conducted a propaganda campaign to undermine \u00c1rbenz&#8217;s legitimacy, while the US government imposed economic sanctions and threatened military intervention. With US support, the coup was successful, and a series of authoritarian regimes ruled Guatemala for several decades.<\/p>\n<\/div>\n<\/div>\n\n\n\n<h3 class=\"wp-block-heading has-text-align-center\">Continued US Influence<\/h3>\n\n\n\n<div style=\"height:39px\" aria-hidden=\"true\" class=\"wp-block-spacer\"><\/div>\n\n\n\n<div class=\"wp-block-columns is-layout-flex wp-container-core-columns-is-layout-28f84493 wp-block-columns-is-layout-flex\">\n<div class=\"wp-block-column is-layout-flow wp-block-column-is-layout-flow\" style=\"flex-basis:66.66%\">\n<p>During the 1980s, US President Ronald Reagan also played a controversial role in the conflict. Reagan saw the Guatemalan military government, led by General Efra\u00edn R\u00edos Montt (1982-83), as a strong opposer of communism and supported them with military aid, despite widespread reports of human rights abuses. R\u00edos Montt, who was a born-again Christian, also enjoyed support from the same evangelical groups in the US that supported Regan. With the endorsement of Regan, Montt&#8217;s became seen as a defender of Christian values. Despite international condemnation, Reagan continued to support the Guatemalan government throughout his presidency, with some critics arguing that his policy and religious affiliations enabled and encouraged the military&#8217;s violent campaign against civilians.<\/p>\n<\/div>\n\n\n\n<div class=\"wp-block-column is-layout-flow wp-block-column-is-layout-flow\" style=\"flex-basis:33.33%\">\n<figure class=\"wp-block-image aligncenter size-full is-resized\"><img decoding=\"async\" src=\"https:\/\/scholarblogs.emory.edu\/hringuate\/files\/2023\/04\/Montt-and-Regan.jpeg\" alt=\"\" class=\"wp-image-1270\" width=\"376\" height=\"253\" srcset=\"https:\/\/scholarblogs.emory.edu\/hringuate\/files\/2023\/04\/Montt-and-Regan.jpeg 620w, https:\/\/scholarblogs.emory.edu\/hringuate\/files\/2023\/04\/Montt-and-Regan-300x202.jpeg 300w\" sizes=\"(max-width: 376px) 100vw, 376px\" \/><figcaption class=\"wp-element-caption\">R\u00edos Montt (left) and Ronald Regan (right). December 4th 1982.<\/figcaption><\/figure>\n\n\n\n<div class=\"wp-block-buttons is-content-justification-center is-layout-flex wp-container-core-buttons-is-layout-a89b3969 wp-block-buttons-is-layout-flex\">\n<div class=\"wp-block-button\"><a class=\"wp-block-button__link has-white-color has-text-color wp-element-button\" href=\"https:\/\/www.washingtonpost.com\/archive\/politics\/1982\/12\/05\/reagan-praises-guatemalan-military-leader\/2c0aab2a-d928-4dbc-b120-68f1f93cd936\/\" target=\"_blank\" rel=\"noreferrer noopener\">Read more about Regan and Montt&#8217;s relationship<\/a><\/div>\n<\/div>\n<\/div>\n<\/div>\n\n\n\n<div class=\"wp-block-media-text alignwide is-stacked-on-mobile\" style=\"grid-template-columns:34% auto\"><figure class=\"wp-block-media-text__media\"><img decoding=\"async\" width=\"841\" height=\"1024\" src=\"https:\/\/scholarblogs.emory.edu\/hringuate\/files\/2023\/04\/Rios-Montt-3-finger-841x1024.jpeg\" alt=\"\" class=\"wp-image-1284 size-full\" srcset=\"https:\/\/scholarblogs.emory.edu\/hringuate\/files\/2023\/04\/Rios-Montt-3-finger-841x1024.jpeg 841w, https:\/\/scholarblogs.emory.edu\/hringuate\/files\/2023\/04\/Rios-Montt-3-finger-247x300.jpeg 247w, https:\/\/scholarblogs.emory.edu\/hringuate\/files\/2023\/04\/Rios-Montt-3-finger-768x935.jpeg 768w, https:\/\/scholarblogs.emory.edu\/hringuate\/files\/2023\/04\/Rios-Montt-3-finger.jpeg 986w\" sizes=\"(max-width: 841px) 100vw, 841px\" \/><\/figure><div class=\"wp-block-media-text__content\">\n<figure class=\"wp-block-image aligncenter size-full is-resized\"><img loading=\"lazy\" decoding=\"async\" src=\"https:\/\/scholarblogs.emory.edu\/hringuate\/files\/2023\/04\/image-2.png\" alt=\"\" class=\"wp-image-1285\" width=\"447\" height=\"335\" srcset=\"https:\/\/scholarblogs.emory.edu\/hringuate\/files\/2023\/04\/image-2.png 736w, https:\/\/scholarblogs.emory.edu\/hringuate\/files\/2023\/04\/image-2-300x225.png 300w\" sizes=\"(max-width: 447px) 100vw, 447px\" \/><figcaption class=\"wp-element-caption\">Protest sign that equates Montt and his hand gesture with three fingers to the nazi swastika<\/figcaption><\/figure>\n<\/div><\/div>\n\n\n\n<p>Montt used religion as a tool to justify and commit human rights abuses during the Guatemalan National Conflict. R\u00edos Montt, a born-again Christian and lay minister, viewed the conflict as a spiritual battle between God and communism, and portrayed himself as a defender of Christian values. He used religious rhetoric to rally support from evangelical Protestant groups, both in Guatemala and in the United States, and presented the military&#8217;s brutal campaign against leftist rebels as a holy war.<\/p>\n\n\n\n<div class=\"wp-block-columns is-layout-flex wp-container-core-columns-is-layout-28f84493 wp-block-columns-is-layout-flex\">\n<div class=\"wp-block-column is-layout-flow wp-block-column-is-layout-flow\" style=\"flex-basis:33.33%\">\n<figure class=\"wp-block-image aligncenter size-full is-resized\"><img loading=\"lazy\" decoding=\"async\" src=\"https:\/\/scholarblogs.emory.edu\/hringuate\/files\/2023\/04\/FRG-symbol.png\" alt=\"\" class=\"wp-image-1288\" width=\"281\" height=\"422\" srcset=\"https:\/\/scholarblogs.emory.edu\/hringuate\/files\/2023\/04\/FRG-symbol.png 400w, https:\/\/scholarblogs.emory.edu\/hringuate\/files\/2023\/04\/FRG-symbol-200x300.png 200w\" sizes=\"(max-width: 281px) 100vw, 281px\" \/><figcaption class=\"wp-element-caption\">Logo of the&nbsp;<em>Frente Republicano Guatemalteco<\/em>&nbsp;(FRG, &#8220;<a href=\"https:\/\/en.wikipedia.org\/wiki\/Guatemalan_Republican_Front\">Guatemalan Republican Front<\/a>&#8220;) founded by General R\u00edos Montt in 1989. The three fingers signify: <em>No robo, no miento, no abuso<\/em>&nbsp;(&#8220;I don&#8217;t steal, I don&#8217;t lie, I don&#8217;t abuse&#8221;). It has been said that Montt drew inspiration from Leviticus 19:11-13 in the bible &#8220;<strong><sup>&nbsp;<\/sup><\/strong>You shall not steal, neither deal falsely, neither lie one to another.&#8221;<\/figcaption><\/figure>\n<\/div>\n\n\n\n<div class=\"wp-block-column is-layout-flow wp-block-column-is-layout-flow\" style=\"flex-basis:66.66%\">\n<div style=\"height:58px\" aria-hidden=\"true\" class=\"wp-block-spacer\"><\/div>\n\n\n\n<p>R\u00edos Montt&#8217;s regime was characterized by widespread human rights abuses, including the massacre of indigenous communities, forced disappearances, and torture. The military used religious imagery to terrorize and intimidate these communities, branding them as enemies of the state and accusing them of practicing &#8220;godless&#8221; communism and calling them devils. R\u00edos Montt&#8217;s government also set up &#8220;model villages,&#8221; which were intended to forcibly relocate indigenous communities to prevent them from supporting the guerrillas. These villages were often run by evangelical pastors, who used religious indoctrination to control the residents and prevent them from fleeing.<\/p>\n\n\n\n<div class=\"wp-block-buttons is-content-justification-center is-layout-flex wp-container-core-buttons-is-layout-a89b3969 wp-block-buttons-is-layout-flex\">\n<div class=\"wp-block-button\"><a class=\"wp-block-button__link has-white-color has-text-color wp-element-button\" href=\"https:\/\/academicworks.cuny.edu\/cc_etds_theses\/733\/\" target=\"_blank\" rel=\"noreferrer noopener\">Read more about Montt&#8217;s Religious justifications for the National Conflict<\/a><\/div>\n<\/div>\n<\/div>\n<\/div>\n","protected":false},"excerpt":{"rendered":"<p>US involvement in The National Conflict The United States played a crucial role in the 1954 coup d&#8217;\u00e9tat that overthrew the democratically elected government of [&hellip;] <span class=\"read-more-link\"><a class=\"read-more\" href=\"https:\/\/scholarblogs.emory.edu\/hringuate\/us-involvement-in-the-national-conflict\/\">Read More<\/a><\/span><\/p>\n","protected":false},"author":8294,"featured_media":0,"parent":0,"menu_order":0,"comment_status":"closed","ping_status":"closed","template":"elementor_header_footer","meta":{"footnotes":""},"class_list":["post-1248","page","type-page","status-publish","hentry"],"_links":{"self":[{"href":"https:\/\/scholarblogs.emory.edu\/hringuate\/wp-json\/wp\/v2\/pages\/1248","targetHints":{"allow":["GET"]}}],"collection":[{"href":"https:\/\/scholarblogs.emory.edu\/hringuate\/wp-json\/wp\/v2\/pages"}],"about":[{"href":"https:\/\/scholarblogs.emory.edu\/hringuate\/wp-json\/wp\/v2\/types\/page"}],"author":[{"embeddable":true,"href":"https:\/\/scholarblogs.emory.edu\/hringuate\/wp-json\/wp\/v2\/users\/8294"}],"replies":[{"embeddable":true,"href":"https:\/\/scholarblogs.emory.edu\/hringuate\/wp-json\/wp\/v2\/comments?post=1248"}],"version-history":[{"count":35,"href":"https:\/\/scholarblogs.emory.edu\/hringuate\/wp-json\/wp\/v2\/pages\/1248\/revisions"}],"predecessor-version":[{"id":1324,"href":"https:\/\/scholarblogs.emory.edu\/hringuate\/wp-json\/wp\/v2\/pages\/1248\/revisions\/1324"}],"wp:attachment":[{"href":"https:\/\/scholarblogs.emory.edu\/hringuate\/wp-json\/wp\/v2\/media?parent=1248"}],"curies":[{"name":"wp","href":"https:\/\/api.w.org\/{rel}","templated":true}]}}