{"id":41,"date":"2015-09-03T19:17:14","date_gmt":"2015-09-03T19:17:14","guid":{"rendered":"http:\/\/scholarblogs.emory.edu\/port412fall2015\/?page_id=41"},"modified":"2015-09-06T02:30:05","modified_gmt":"2015-09-06T02:30:05","slug":"bem-vindos-a-portugues-412-noticias-do-mundo-lusofono","status":"publish","type":"page","link":"https:\/\/scholarblogs.emory.edu\/port412fall2015\/","title":{"rendered":"Bem-Vindos a Portugu\u00eas 412: Not\u00edcias no Mundo Lus\u00f3fono"},"content":{"rendered":"<p>Aqui vai uma lista inicial de jornais e revistas online:<\/p>\n<p>(Tendo em conta o car\u00e1cter colaborativo deste projecto, os alunos ir\u00e3o contribuir outros t\u00edtulos de peri\u00f3dicos, os quais ser\u00e3o acrescentados ao longo do semestre.)<\/p>\n<p>em Portugal:<\/p>\n<ul>\n<li><a title=\"Publico\" href=\"http:\/\/www.publico.pt\/\">O P\u00fablico<\/a><\/li>\n<li><a title=\"Di\u00e1rio de Not\u00edcias\" href=\"http:\/\/www.dn.pt\/inicio\/default.aspx\" target=\"_blank\">O Di\u00e1rio de Not\u00edcias<\/a><\/li>\n<li><a href=\"http:\/\/www.cmjornal.xl.pt\/\" target=\"_blank\">O Correio da Manh\u00e3<\/a><\/li>\n<li><a href=\"http:\/\/visao.sapo.pt\/\" target=\"_blank\">A Vis\u00e3o<\/a><\/li>\n<li><a href=\"http:\/\/expresso.sapo.pt\/\" target=\"_blank\">Expresso<\/a><\/li>\n<li><a href=\"http:\/\/visao.sapo.pt\/jornal-de-letras=s25193\" target=\"_blank\">Jornal de Letras, Artes e Ideias<\/a><\/li>\n<li><a title=\"A Bola\" href=\"http:\/\/www.abola.pt\/\" target=\"_blank\">A Bola<\/a><\/li>\n<li><a href=\"http:\/\/www.sabado.pt\/\" target=\"_blank\">S\u00e1bado<\/a><\/li>\n<\/ul>\n<p>no Brasil:<\/p>\n<ul>\n<li><a title=\"Folha de S\u00e3o Paulo\" href=\"http:\/\/www.folha.uol.com.br\/\" target=\"_blank\">Folha de S\u00e3o Paulo<\/a><\/li>\n<li><a href=\"http:\/\/www.otempo.com.br\/super-noticia\/\" target=\"_blank\">Super Not\u00edcia<\/a><\/li>\n<li><a href=\"http:\/\/oglobo.globo.com\/\" target=\"_blank\">O Globo<\/a><\/li>\n<li>O<a href=\"http:\/\/www.estadao.com.br\/\" target=\"_blank\"> Estado de S\u00e3o Paulo<\/a><\/li>\n<li><a title=\"extra\" href=\"http:\/\/extra.globo.com\/\" target=\"_blank\">Extra<\/a><\/li>\n<li><a href=\"http:\/\/zh.clicrbs.com.br\/rs\/\" target=\"_blank\">Zero Hora<\/a><\/li>\n<li><a href=\"http:\/\/diariogaucho.clicrbs.com.br\/rs\/\" target=\"_blank\">Di\u00e1rio Ga\u00facho<\/a><\/li>\n<li><a href=\"http:\/\/veja.abril.com.br\/\" target=\"_blank\">Veja<\/a><\/li>\n<li><a href=\"http:\/\/www.istoe.com.br\/capa\" target=\"_blank\">Isto\u00e9<\/a><\/li>\n<li><a href=\"http:\/\/epoca.globo.com\/\" target=\"_blank\">\u00c9poca<\/a><\/li>\n<\/ul>\n<p>Em Angola:<\/p>\n<ul>\n<li><a href=\"http:\/\/jornaldeangola.sapo.ao\/\/\" target=\"_blank\">Jornal de Angola<\/a><\/li>\n<li><a href=\"http:\/\/www.semanarioangolense-ao.com\/\" target=\"_blank\">Seman\u00e1rio Angolense<\/a><\/li>\n<li><a href=\"http:\/\/www.redeangola.info\/\" target=\"_blank\">Rede Angola<\/a><\/li>\n<li><a href=\"http:\/\/opais.co.ao\/\" target=\"_blank\">O Pa\u00eds<\/a><\/li>\n<li><a href=\"http:\/\/www.novojornal.co.ao\/\" target=\"_blank\">Novo Jornal<\/a><\/li>\n<li><a href=\"http:\/\/jornalf8.net\/\" target=\"_blank\">Folha 8<\/a><\/li>\n<\/ul>\n<p>Em Cabo-Verde:<\/p>\n<ul>\n<li><a href=\"http:\/\/anacao.cv\/\" target=\"_blank\">A Na\u00e7\u00e3o<\/a><\/li>\n<\/ul>\n<p>Em Mo\u00e7ambique:<\/p>\n<ul>\n<li><a href=\"http:\/\/www.guiademidia.com.br\/acessar-o-jornal-internacional.htm?http:\/\/www.jornalnoticias.co.mz\" target=\"_blank\">Not\u00edcias<\/a><\/li>\n<li><a href=\"http:\/\/www.verdade.co.mz\/\" target=\"_blank\">Jornal Verdade<\/a><\/li>\n<li><a href=\"http:\/\/opais.sapo.mz\/\" target=\"_blank\">O Pa\u00eds<\/a><\/li>\n<\/ul>\n<p>Em Guin\u00e9 Bissau:<\/p>\n<ul>\n<li><a href=\"http:\/\/www.gaznot.com\/\" target=\"_blank\">Gazeta de Not\u00edcias<\/a><\/li>\n<li><a href=\"http:\/\/www.bissaudigital.com\/\" target=\"_blank\">Bissau Digital<\/a><\/li>\n<li><a href=\"http:\/\/www.odemocratagb.com\/\" target=\"_blank\">O Democrata<\/a><\/li>\n<\/ul>\n<p>Em S\u00e3o Tom\u00e9 e Pr\u00edncipe:<\/p>\n<ul>\n<li><a href=\"http:\/\/www.jornaltropical.st\/\" target=\"_blank\">Jornal Tropical<\/a><\/li>\n<li><a href=\"http:\/\/www.jornal.st\/\" target=\"_blank\">Jornal de S\u00e3o Tom\u00e9<\/a><\/li>\n<li><a href=\"http:\/\/www.jornaltransparencia.st\/\" target=\"_blank\">Jornal Transpar\u00eancia<\/a><\/li>\n<\/ul>\n<p>Em Timor Leste:<\/p>\n<ul>\n<li><a href=\"http:\/\/timordigital.com\/\">Timor Digital<\/a><\/li>\n<li><a href=\"http:\/\/www.jndiario.com\/\">Jornal Nacional Di\u00e1rio<\/a><\/li>\n<\/ul>\n<p>&nbsp;<\/p>\n","protected":false},"excerpt":{"rendered":"<p>Aqui vai uma lista inicial de jornais e revistas online: (Tendo em conta o car\u00e1cter colaborativo deste projecto, os alunos ir\u00e3o contribuir outros t\u00edtulos de peri\u00f3dicos, os quais ser\u00e3o acrescentados ao longo do semestre.) em Portugal: O P\u00fablico O Di\u00e1rio &hellip; <a href=\"https:\/\/scholarblogs.emory.edu\/port412fall2015\/\">Continue reading <span class=\"meta-nav\">&rarr;<\/span><\/a><\/p>\n","protected":false},"author":3181,"featured_media":0,"parent":0,"menu_order":0,"comment_status":"closed","ping_status":"closed","template":"","meta":{"footnotes":""},"class_list":["post-41","page","type-page","status-publish","hentry"],"_links":{"self":[{"href":"https:\/\/scholarblogs.emory.edu\/port412fall2015\/wp-json\/wp\/v2\/pages\/41","targetHints":{"allow":["GET"]}}],"collection":[{"href":"https:\/\/scholarblogs.emory.edu\/port412fall2015\/wp-json\/wp\/v2\/pages"}],"about":[{"href":"https:\/\/scholarblogs.emory.edu\/port412fall2015\/wp-json\/wp\/v2\/types\/page"}],"author":[{"embeddable":true,"href":"https:\/\/scholarblogs.emory.edu\/port412fall2015\/wp-json\/wp\/v2\/users\/3181"}],"replies":[{"embeddable":true,"href":"https:\/\/scholarblogs.emory.edu\/port412fall2015\/wp-json\/wp\/v2\/comments?post=41"}],"version-history":[{"count":6,"href":"https:\/\/scholarblogs.emory.edu\/port412fall2015\/wp-json\/wp\/v2\/pages\/41\/revisions"}],"predecessor-version":[{"id":874,"href":"https:\/\/scholarblogs.emory.edu\/port412fall2015\/wp-json\/wp\/v2\/pages\/41\/revisions\/874"}],"wp:attachment":[{"href":"https:\/\/scholarblogs.emory.edu\/port412fall2015\/wp-json\/wp\/v2\/media?parent=41"}],"curies":[{"name":"wp","href":"https:\/\/api.w.org\/{rel}","templated":true}]}}